z(-6). Calculate the highest common factor of j and t.
16
Let q(h) = -h**3 - 11*h**2 - 9*h + 12. Let n be q(-10). Let b be n + 14*(2 + -3). Let m be 0 - (3 + -4) - b. What is the greatest common divisor of 13 and m?
13
Suppose 0 = -23*a + 65 + 1085. Calculate the highest common factor of a and 130.
10
Let l = -124 - -164. Calculate the highest common divisor of 360 and l.
40
Suppose -g = 4*p - 339, -p + 17 + 55 = -4*g. What is the greatest common factor of p and 105?
21
Let d = -649 - -671. Calculate the highest common factor of d and 418.
22
Let v(t) = 20*t - 86. Let h be v(7). Calculate the highest common factor of 207 and h.
9
Suppose -4*w - w - q = -141, -w + 3*q + 41 = 0. Let f = w + -24. Suppose -x + 2*x - 40 = 0. What is the highest common divisor of x and f?
5
Suppose 5*o - 1186 = -2*x, -o + 675 = 2*x - 495. What is the highest common factor of x and 53?
53
Suppose 7*c = 3*c + 32. Let z be c/(-28) + 550/14. Suppose -4*h = -4*i - 3*h + 101, -4*i - h + 107 = 0. Calculate the greatest common divisor of z and i.
13
Let w(h) = 2*h**3 - 5*h**3 - 10*h - 10*h**2 + 3 + 4*h**3. Let b be w(11). Suppose -30 - b = -4*k. What is the highest common divisor of 22 and k?
11
Let k(i) = -i**3 - 6*i**2 + 7*i - 24. Let v be k(-8). Calculate the highest common divisor of 4 and v.
4
Let k be (10 + (-200)/24)/(25/60). Let q = 15 + 1. What is the highest common divisor of k and q?
4
Suppose 297*h = 371*h - 1554. Let c(u) = 2*u**2 + 8*u - 6. Let x be c(5). Calculate the greatest common factor of h and x.
21
Let u(i) = 7 - 4 - i + 2*i. Let s be u(5). Calculate the greatest common divisor of s and 12.
4
Let p = -331 + 163. Let r be 8/20 + p/(-30). What is the highest common divisor of r and 4?
2
Suppose -56*n = -9*n - 7990. Let l(u) = -3*u - 2. Let p be l(-12). Calculate the highest common factor of n and p.
34
Let m(k) = 3*k - 4. Let p be m(6). Let y be -3*-5*4/(-30). Let s be (336/(-9))/(y/6). Calculate the highest common factor of p and s.
14
Let y be (-268)/(-22) + 18 + 400/(-22). What is the greatest common factor of 18 and y?
6
Let r be 5/(25/(-10)) + 5*6. Let o be (2/4)/((-2)/(-112)). Suppose 3*v - o = v. What is the greatest common divisor of r and v?
14
Let v = 100 + -51. Let r be 28/(-10)*835/(-334). Calculate the highest common divisor of v and r.
7
Suppose 10*i - 14*i + 72 = 0. Suppose i*b = 15*b + 15. Suppose 0 = b*k + 5*h - 175, 2*k - h + 16 - 86 = 0. Calculate the greatest common factor of k and 385.
35
Let x = -9 - -10. Suppose -x = t - 3. Suppose -t*p = -16 - 6. What is the greatest common factor of p and 33?
11
Let n be 5/(-10) - 9375/(-50). Let m = 48 - 31. Calculate the greatest common divisor of n and m.
17
Suppose 6*f = 11*f - 490. What is the greatest common divisor of f and 49?
49
Suppose 5*m + 16 = 2*g, 2*g + 13 = -2*m + 5*g. Let s be 1/6*m*-507. Calculate the highest common divisor of s and 13.
13
Let t(l) = l**2 - 5*l + 6. Let b be t(4). Suppose 3*z + 5*h = 329, -h - 211 = -b*z + 4*h. Calculate the highest common divisor of 12 and z.
12
Let o(f) = -f**2 - 10*f - 8. Let w be o(-8). Let h(y) = 2*y**2 - 7*y + 17. Let t be h(5). Calculate the highest common divisor of w and t.
8
Suppose -3*h - 13 = -1, -2*n = 5*h - 76. Suppose 2*s - 168 = 72. What is the highest common factor of s and n?
24
Suppose -130 = -15*h - 50*h. Calculate the highest common divisor of 54 and h.
2
Let g(u) = -u**2 + 64*u - 35. Let s be g(55). What is the greatest common divisor of s and 100?
20
Let r(h) = -2*h + 80. Let s be r(-10). Suppose -g + 63 = 3*v, v - g = -v + 37. What is the greatest common factor of s and v?
20
Suppose -5*x = -x. Let v be (-1 + x)*1 - -20. Suppose v*o = 15*o + 112. What is the highest common divisor of o and 252?
28
Suppose 5*u - 2*c - 5780 = 0, 2*u - 598 - 1714 = -3*c. What is the highest common divisor of 68 and u?
68
Let c(g) = -g + 29. Let s be c(0). Let y = 42 - s. Let k = y - -1. What is the highest common divisor of 14 and k?
14
Let f(p) = 3*p - 62. Let l(u) = -2*u + 41. Let x(w) = -5*f(w) - 7*l(w). Suppose -2*q + 5*q = 39. Let s be x(q). What is the highest common factor of s and 80?
10
Let v(d) = -d**3 - 6*d**2 - 4*d. Let y be v(-6). Suppose 15 = 3*c - 81. Let w = c + -26. Calculate the greatest common divisor of w and y.
6
Suppose 9*d - 272 = -236. Suppose -2*z = z + 21. Let a(x) = -x**2 - 7*x + 4. Let g be a(z). Calculate the highest common divisor of d and g.
4
Let w(m) = -m**2 - 8*m + 5. Let t = -3 + -5. Let b be w(t). Suppose 5*o = -v + 9 + 1, 4*o = b*v - 108. What is the highest common factor of 80 and v?
20
Let r(a) = -a**2 - 8*a - 5. Suppose 2*m - 11 = -7. Suppose -29 = 2*s + 3*s + m*d, 5*s + 21 = 2*d. Let h be r(s). What is the highest common divisor of 25 and h?
5
Let d(z) = -z**2 + 35*z - 284. Let h be d(20). Suppose 3*o + b + 2*b - 3 = 0, 2*b + 6 = 0. What is the greatest common factor of h and o?
4
Suppose -z + 4*a = 94, 0*z - 5*a = -2*z - 197. Let t = z - -322. Suppose 2*q = 92 + t. What is the highest common divisor of q and 14?
14
Suppose 10 = 2*v + 3*v. Let j(m) = 0 + 5 - 2 + 7 + 2*m. Let o be j(5). What is the highest common divisor of o and v?
2
Suppose 48 = -5*m + 2*m. Let x = 0 - m. Let c = 322 + -210. Calculate the highest common factor of x and c.
16
Suppose -3*v + 5*t + 17 = -0*v, 0 = -4*v - t - 8. Let i be v/(-5) + (-4403)/(-35). Let m be 2/(-5) - (-214)/10. Calculate the greatest common factor of i and m.
21
Let a be (-11)/(-55) + (-40840)/(-50). What is the highest common divisor of 258 and a?
43
Suppose -4*b = -3 - 5. Let u = -16 + 11. Let w = u + 13. What is the highest common divisor of w and b?
2
Suppose 0 = -2*n + 17 + 13. Let j = n + -14. What is the greatest common factor of j and 9?
1
Suppose 5*u - u + 3*q - 66 = 0, 3*q = -2*u + 36. Let d be 4/(-12) - 316/(-3). Calculate the highest common divisor of d and u.
15
Let f = 1628 - 1567. Calculate the highest common divisor of 1281 and f.
61
Suppose -4*c + 0*d = -4*d - 668, 5*d = -2*c + 369. Let l(q) = -89*q. Let u be l(1). Let v = c - u. Calculate the greatest common divisor of 29 and v.
29
Let x be ((-4)/(-5))/((-70)/75 - -1). Let n be (3 - 9/6)*2. Suppose -n*q + 144 = q. What is the greatest common factor of x and q?
12
Let b(k) = -49*k + 1. Let j = 7 - 9. Let f be b(j). Let x = -18 - -27. Calculate the highest common factor of x and f.
9
Let l = -31 - -34. Let v be l - 107*(2 + -3). What is the greatest common divisor of v and 11?
11
Suppose 5*d + 7*w - 3*w = 196, -121 = -3*d + w. Calculate the greatest common factor of d and 200.
40
Let o be (-3 - 21)*390/(-8). Calculate the highest common divisor of 13 and o.
13
Suppose -2*v = 4*x - 458, 5*v - x - 3*x = 1089. What is the highest common divisor of v and 26?
13
Suppose 1504*q - 1510*q = -6150. What is the greatest common divisor of q and 41?
41
Let o be (0 - 2/6)/((-20)/60). Let a be (7 + 17)/(1*(o + 0)). What is the greatest common factor of a and 12?
12
Suppose 3*l = -1 + 13. Let i(v) = -4*v**2 + 3*v**2 + 5*v + 6*v. Let b be i(7). What is the highest common factor of b and l?
4
Suppose d + 1 + 14 = 4*h, -4*h + 5*d + 11 = 0. Suppose 40 = 3*x + 2*x - h*o, 0 = -x - 3*o + 27. Calculate the greatest common divisor of 84 and x.
12
Let h = -64 + 74. Let p(a) = a + 2. Let g be p(0). What is the greatest common factor of h and g?
2
Let t = 184 - 144. What is the highest common divisor of 360 and t?
40
Let t be (-188)/36 - (-2)/9. Let p = t - -9. Suppose -4*n + 2*n + 153 = -3*y, 0 = 5*n - p*y - 379. Calculate the greatest common divisor of n and 30.
15
Suppose -2*x = 3*r - 90, 3*r - 137 = -3*x - r. Let v be (-6)/(8/(-5) + 2). Let u = x + v. Calculate the greatest common divisor of u and 6.
6
Suppose -2*r = -4*s - 40, r + 2*s - 70 = -3*r. Let j(c) = 11*c + 170. Let a be j(-13). What is the greatest common divisor of r and a?
9
Suppose 12 = g - v + 2*v, g - 7 = 4*v. Let n be (-4)/16 - 154/(-8). Let p = n - g. What is the highest common divisor of p and 2?
2
Let p(l) = -12*l**2 - 16*l - 3 + 6 + 10*l**2. Let i be p(-7). Calculate the highest common divisor of i and 187.
17
Let a(q) = q**2 + 35*q + 106. Let o be a(-32). What is the greatest common divisor of 320 and o?
10
Let y be 144/40 + (-4)/(-10). Suppose -5*x - 2*w - 4 = 0, 0*x = 2*x - 3*w - 6. Suppose 2 = d - x. Calculate the highest common divisor of